he hundreds digit of q(-20)?
9
Let o be 5/((5 - 1) + -5). Let c = 723 - o. What is the units digit of c?
8
Suppose 4*y - 10*t = 180002, 55 - 52 = 3*t. What is the tens digit of y?
0
Let n(g) = 252*g**2 + 152*g + 20. What is the units digit of n(-4)?
4
Suppose -2*a = -5*d + 1962, 4*d + 2*a - 681 = 903. Let w = d + 284. What is the units digit of w?
8
Let x(y) = 1490*y**2 - 9*y + 21. What is the hundreds digit of x(2)?
9
Suppose -3*o = 12*o + 11130. Let f = o + 1216. Suppose 0*k - 2*k + f = 0. What is the units digit of k?
7
Let o(s) be the first derivative of 2*s**3/3 - 11*s**2 - 11*s - 4. Let c be o(8). Let t = 136 + c. What is the units digit of t?
7
Suppose -8*a + 24 = -2*a. Suppose a*u - 15 = -q + 9, -q + 29 = 5*u. What is the units digit of 2*u/(-15)*-3?
2
Let q = -206 + 262. What is the hundreds digit of -574*(256/q + -6)?
8
Suppose -2*f = -666*m + 665*m + 21859, -87352 = -4*m - 4*f. What is the tens digit of m?
4
Let w be (16 + 0)*7/((-224)/(-792)). What is the hundreds digit of (w/(-63) - -6) + (-7830)/(-14)?
5
Let w(k) = -k**3 - 15*k**2 + 27*k - 68. Let q be ((-1330)/(-30))/(-7)*3. What is the units digit of w(q)?
3
Let y = -25458 - -28481. What is the units digit of y?
3
Let s(z) be the third derivative of -1/6*z**4 - 5/3*z**3 + 1/60*z**5 - 8*z**2 - 5*z + 0. What is the hundreds digit of s(15)?
1
What is the tens digit of (1/2)/((-1)/(14698/(-1)))?
4
Let s(p) = -5*p - 4. Let v be s(-2). Let k(w) = -w**3 + 6*w**2 + 10*w - 12. Let u be k(v). Suppose -b - u = -5*b. What is the tens digit of b?
1
Let a(o) = 2*o**3 - 34*o**2 + 9*o - 375. What is the tens digit of a(35)?
4
Suppose -61*m - 996626 + 1704874 = -1535881. What is the tens digit of m?
8
What is the tens digit of (500/6)/(176/(-6204)*3/(-60))?
5
Let w = -36701 + 66656. What is the tens digit of w?
5
Let s = 4175 - 4151. What is the tens digit of s?
2
Let n = -44 - -177. Suppose -229 = -5*v - 2*w, 8*w + n = 3*v + 7*w. Let b = 128 - v. What is the tens digit of b?
8
Let t = 1739 + 698. What is the tens digit of t?
3
Let a = 1287 - 1312. Suppose 4*s = 4*k - 112, -6*s + s + 28 = k. Let r = a + k. What is the units digit of r?
3
Suppose 0 = 4*x + 115 + 125. Let a = 147 - x. What is the units digit of a?
7
Suppose 3*o - 6 = -3*v, o = 2*v + 3 + 2. Let r be ((-13)/(-39))/(v/(-9)). Suppose -r*u + 158 = -u. What is the units digit of u?
9
What is the units digit of (-13)/((-104)/32) - -4*(-4 - -843)?
0
Let u = 52 + -48. Suppose -7 = u*o - 27, -3*h - 2*o - 389 = 0. Let f = -130 - h. What is the units digit of f?
3
Suppose 0 = t - 0*t + 4*b + 83, t = -b - 92. Let c = -238 - t. What is the tens digit of 15/90 - c/6?
2
Let m(t) = -4*t**2 + t**3 - 7*t**2 - 11*t**2 + 42*t + 1 - 6*t + 12*t**2. What is the thousands digit of m(14)?
1
Suppose 0 = 2*p - 1 - 3. Suppose 2*x + 4*r - 1 = 5, 0 = 2*x + p*r - 2. What is the tens digit of (-135 + x)/(-4) - 3?
3
Let o = 909 + -1307. Let h = -288 - o. What is the units digit of h?
0
Suppose m + u = 14259, 2*m - 409*u + 405*u - 28536 = 0. What is the units digit of m?
2
Let p(y) = -y**3 + 9*y**2 - 5*y - 4. Let a be p(9). Let c = -13 - a. Let k = c + -6. What is the units digit of k?
0
Suppose 5887 = 5*f - 4*t + 560, -f + 1063 = -2*t. Suppose 0 = 5*c - 8*c - 2*s + f, -3*c + 2*s = -1051. What is the tens digit of c?
5
Let z(t) = -t**3 - 8*t**2 - 15*t - 3. Let d(m) = 6*m + 71. Let u be d(-13). What is the units digit of z(u)?
3
Let t(n) = n**3 - 15*n**2 + 16*n - 22. Let i be t(14). Suppose i*l - 898 = 374. What is the units digit of l?
2
Suppose 23 = -s + 14, -h + 3*s = -65266. What is the units digit of h?
9
Let t(z) = -z**2 - 16*z - 10. Suppose -h = -s + 2*h - 6, -4 = 2*h. What is the tens digit of t(s)?
3
Suppose 41*f + 26*f = -251173 + 805196. What is the units digit of f?
9
Suppose -13337 = p + 2*o - 54103, 2*p - 2*o - 81508 = 0. What is the hundreds digit of p?
7
Suppose -2*b + 2*q + 1566 = -970, -4*b - 5*q + 5027 = 0. What is the thousands digit of b?
1
Let j = 110 + -181. Let t = j - -77. What is the units digit of ((-2116)/t)/(-2) - (-12)/18?
7
Suppose 0 = 4*f + a - 446, 5*a - 4*a = -3*f + 335. Suppose -51 = -9*d + f. What is the units digit of ((-150)/d)/(((-4)/(-6))/(-2))?
5
Let y(h) = 2*h**2 + 5*h - 37. Let n be y(-6). Let z be -2 + 6*(-6)/(-9). Suppose 4*j + z*v = 276, 0 = -n*j - 2*v + v + 348. What is the units digit of j?
0
Let v = -3766 + 16142. What is the ten thousands digit of v?
1
Suppose 4*o + 5081 = -5*x + 23547, 2*x + 9260 = 2*o. What is the tens digit of o?
2
What is the units digit of 21/(-49) + ((-2)/(-4))/((-21)/(-114510))?
6
Let j = -5508 + 8589. What is the hundreds digit of j?
0
Let j be (-2)/((-64)/264) + 2/(-8). Suppose j*c - 3809 = 7143. What is the units digit of c?
9
Let n(s) = -566*s - 3746. What is the hundreds digit of n(-69)?
3
Let u = 175 + -195. What is the units digit of (-6)/2 - (u + 9 + -8)?
6
Let p = -10349 + 35032. What is the ten thousands digit of p?
2
Let y(v) = -2*v**3 + 26*v**2 - 16*v + 30. Let l be y(12). Suppose -l*r + 123*r + 48 = 0. What is the tens digit of r?
1
Suppose -734*m + 514*m = -1929840. What is the thousands digit of m?
8
Let d = 1153 + -787. Suppose -5*w = 2*z - 2615, 2*w + 2*z - 680 = d. What is the tens digit of w?
2
Let o = -35 - -35. Suppose 3*g + 5*a = 24, g - a + 0*a = o. What is the units digit of (-4 + (-38)/(-3))*g?
6
Let d be 6/10 + 2 + (-88)/(-20). Let g(z) = 38*z - 4. What is the units digit of g(d)?
2
Let s(l) = -l**3 + l**2 - 2*l + 83. Let o(k) = 2*k**2 - 2*k + 29. Let a be o(0). Let p = a - 29. What is the tens digit of s(p)?
8
Let c be (-3 + 70/15)*9/3. Suppose -5*g + 2*t = -1233, 28 + 214 = g - c*t. What is the units digit of g?
7
Suppose 4616*a + 56791 = 4617*a + 4*o, o = 9. What is the hundreds digit of a?
7
Let r(t) = -t + 2160. What is the units digit of r(-129)?
9
Let p(x) = -x - 5. Let w be p(-5). What is the units digit of w + 618/3 - (3 + 0)?
3
Let s = 139 + -411. What is the hundreds digit of (-1 - 0/2)*(s - 45)?
3
Let a = -3752 + 20808. What is the tens digit of a?
5
Let h(p) = -15932*p + 4496. What is the ten thousands digit of h(-3)?
5
Let c = 480 + -204. Suppose -z + 110 = k, -z - c = 5*k - 826. Let w = k + -46. What is the units digit of w?
4
Let o = -72 - -124. Suppose -13*p + 0*p - o = 0. What is the units digit of p - (-3 + (-660)/5)?
1
Suppose 6*w = 3*w + o + 2, o - 6 = -5*w. What is the hundreds digit of (-191 - -40)*w*-1?
1
Let f be ((-2)/(-24)*4)/((-3)/27). What is the hundreds digit of f/6*(-5752)/4?
7
Let y(u) = 5*u**2 + 4*u - 5. Suppose 6*m - 18 - 12 = 0. Suppose w = 3*w - m*x + 30, -3*w - 2*x = 7. What is the hundreds digit of y(w)?
1
Let g(a) = a**2 + 34*a + 296. Let p be g(-16). What is the units digit of (36/8)/(p/16)?
9
Let r(s) = s**2 + 4*s - 12. Suppose 2*i + 12 = -0*i. Let m be r(i). What is the tens digit of 16*(8 - 1) + (m - -1)?
1
Let z = 26 + -54. Let g be (-8)/z + (-8)/28. Suppose 3*f - f + 4*m = 240, g = -5*f + 3*m + 587. What is the hundreds digit of f?
1
Let h(j) = -54*j - 8. Let t be h(-3). Suppose 14 + t = a. Let d = a + -42. What is the tens digit of d?
2
Suppose -455129 - 1904288 = -172*v - 97273. What is the units digit of v?
2
Let w = -835 + 1273. Suppose 3*f - w = -t, f = -3*t + 4*t - 442. What is the units digit of t?
1
Let r(a) = 36*a**2 - 10*a + 41. Let z be (22 - 20)*-2*6/(-8). What is the tens digit of r(z)?
3
Let w be -1*(-3 + 2)*3. Let l be w/3*(-2 - 6). What is the units digit of 265/3 - l/(-24)?
8
Let a = 150819 + -85389. What is the thousands digit of a?
5
Let h = -82 - -76. Let f be 133/114 - (-1)/h. What is the tens digit of -5 + f - (10 - 54)?
4
Suppose 5*c + 5*n - 25 = 0, 4*c - n - 14 = -2*n. Let t = -244 + 391. Suppose t - 543 = -c*p. What is the units digit of p?
2
Let v be 2 - 48/20 - (-34028)/20. Let w = -1134 + v. What is the tens digit of w?
6
Suppose 0 = -691*l + 679*l + 36. Let w = 3 - -71. Suppose w = l*m - 238. What is the tens digit of m?
0
Let f(g) be the third derivative of g**5/60 + g**4/2 - 29*g**3/3 - 4*g**2 + 5. What is the units digit of f(16)?
0
Suppose 7*x = -24 + 38. Suppose -x*d - 5*u + 999 + 185 = 0, -4*d + u = -2346. What is the units digit of d?
7
What is the tens digit of (-4)/3 - 48800/(-150)?
2
Suppose -4*a + 2*a + 102 = 5*y, -4*y + 76 = 3*a. Suppose p - y = -22. Suppose 0 = q + 5, 3*c + 0